 of 15944?
4
What is the hundreds digit of 47308?
3
What is the units digit of 11151?
1
What is the thousands digit of 9021?
9
What is the tens digit of 92940?
4
What is the tens digit of 170563?
6
What is the hundreds digit of 2521?
5
What is the tens digit of 2247?
4
What is the ten thousands digit of 13471?
1
What is the tens digit of 32305?
0
What is the tens digit of 5622?
2
What is the thousands digit of 4895?
4
What is the hundreds digit of 1619?
6
What is the tens digit of 4556?
5
What is the units digit of 398?
8
What is the ten thousands digit of 112480?
1
What is the thousands digit of 9025?
9
What is the units digit of 2419?
9
What is the units digit of 2888?
8
What is the thousands digit of 8806?
8
What is the tens digit of 2243?
4
What is the ten thousands digit of 27237?
2
What is the thousands digit of 17073?
7
What is the units digit of 18090?
0
What is the hundreds digit of 62340?
3
What is the ten thousands digit of 102352?
0
What is the hundreds digit of 542?
5
What is the ten thousands digit of 79114?
7
What is the thousands digit of 2593?
2
What is the hundreds digit of 3915?
9
What is the hundreds digit of 4211?
2
What is the hundreds digit of 37134?
1
What is the hundreds digit of 2587?
5
What is the units digit of 2535?
5
What is the hundreds digit of 4436?
4
What is the thousands digit of 1083?
1
What is the hundreds digit of 1120?
1
What is the tens digit of 521?
2
What is the tens digit of 748?
4
What is the units digit of 49795?
5
What is the thousands digit of 2003?
2
What is the units digit of 3169?
9
What is the units digit of 1284?
4
What is the units digit of 614?
4
What is the units digit of 41793?
3
What is the hundreds digit of 4478?
4
What is the tens digit of 152?
5
What is the ten thousands digit of 13739?
1
What is the hundreds digit of 107284?
2
What is the hundreds digit of 3744?
7
What is the hundreds digit of 16473?
4
What is the units digit of 10149?
9
What is the units digit of 682?
2
What is the thousands digit of 9324?
9
What is the thousands digit of 3700?
3
What is the units digit of 50567?
7
What is the hundreds digit of 24189?
1
What is the thousands digit of 62403?
2
What is the thousands digit of 45672?
5
What is the units digit of 21169?
9
What is the hundreds digit of 3706?
7
What is the tens digit of 4660?
6
What is the units digit of 8335?
5
What is the hundred thousands digit of 154888?
1
What is the thousands digit of 21779?
1
What is the hundreds digit of 920?
9
What is the thousands digit of 3116?
3
What is the tens digit of 5084?
8
What is the tens digit of 4144?
4
What is the tens digit of 57913?
1
What is the thousands digit of 1525?
1
What is the hundred thousands digit of 132896?
1
What is the tens digit of 3902?
0
What is the ten thousands digit of 10412?
1
What is the hundreds digit of 16448?
4
What is the tens digit of 18310?
1
What is the units digit of 16427?
7
What is the units digit of 762?
2
What is the units digit of 854?
4
What is the thousands digit of 26817?
6
What is the units digit of 17253?
3
What is the hundreds digit of 12744?
7
What is the thousands digit of 1365?
1
What is the hundreds digit of 37472?
4
What is the units digit of 19958?
8
What is the units digit of 79?
9
What is the hundreds digit of 1897?
8
What is the thousands digit of 24796?
4
What is the tens digit of 1055?
5
What is the thousands digit of 4834?
4
What is the thousands digit of 30810?
0
What is the units digit of 1497?
7
What is the thousands digit of 108945?
8
What is the units digit of 1845?
5
What is the thousands digit of 7696?
7
What is the units digit of 5607?
7
What is the thousands digit of 3953?
3
What is the thousands digit of 54156?
4
What is the thousands digit of 1921?
1
What is the thousands digit of 1845?
1
What is the thousands digit of 4205?
4
What is the tens digit of 85523?
2
What is the units digit of 465?
5
What is the tens digit of 1912?
1
What is the tens digit of 9532?
3
What is the thousands digit of 60839?
0
What is the thousands digit of 1767?
1
What is the tens digit of 4704?
0
What is the ten thousands digit of 114663?
1
What is the hundreds digit of 19096?
0
What is the thousands digit of 8870?
8
What is the hundreds digit of 31677?
6
What is the hundreds digit of 26283?
2
What is the hundreds digit of 1077?
0
What is the units digit of 200?
0
What is the ten thousands digit of 20552?
2
What is the thousands digit of 4336?
4
What is the thousands digit of 10657?
0
What is the units digit of 35644?
4
What is the tens digit of 9100?
0
What is the tens digit of 30?
3
What is the hundreds digit of 494?
4
What is the tens digit of 60621?
2
What is the units digit of 29944?
4
What is the units digit of 2410?
0
What is the units digit of 9412?
2
What is the tens digit of 40901?
0
What is the units digit of 1556?
6
What is the thousands digit of 1080?
1
What is the thousands digit of 11895?
1
What is the thousands digit of 11387?
1
What is the thousands digit of 7204?
7
What is the hundreds digit of 2185?
1
What is the units digit of 8132?
2
What is the ten thousands digit of 20606?
2
What is the hundreds digit of 1257?
2
What is the units digit of 83577?
7
What is the units digit of 856?
6
What is the units digit of 12212?
2
What is the thousands digit of 4855?
4
What is the thousands digit of 9747?
9
What is the units digit of 1072?
2
What is the thousands digit of 61701?
1
What is the tens digit of 283?
8
What is the hundreds digit of 756?
7
What is the thousands digit of 3079?
3
What is the tens digit of 5872?
7
What is the hundreds digit of 17338?
3
What is the tens digit of 1869?
6
What is the hundreds digit of 4461?
4
What is the thousands digit of 3644?
3
What is the hundreds digit of 2376?
3
What is the tens digit of 1443?
4
What is the units digit of 3921?
1
What is the hundreds digit of 932?
9
What is the ten thousands digit of 19014?
1
What is the thousands digit of 5120?
5
What is the units digit of 751?
1
What is the units digit of 99498?
8
What is the hundreds digit of 817?
8
What is the hundreds digit of 1400?
4
What is the hundreds digit of 28351?
3
What is the tens digit of 360?
6
What is the hundreds digit of 243?
2
What is the units digit of 1606?
6
What is the thousands digit of 181013?
1
What is the tens digit of 4109?
0
What is the hundreds digit of 2457?
4
What is the hundreds digit of 60321?
3
What is the tens digit of 140186?
8
What is the hundreds digit of 98170?
1
What is the ten thousands digit of 28142?
2
What is the thousands digit of 46233?
6
What is the thousands digit of 28495?
8
What is the units digit of 1050?
0
What is the thousands digit of 8861?
8
What is the units digit of 2577?
7
What is the thousands digit of 25623?
5
What is the units digit of 234?
4
What is the hundreds digit of 3237?
2
What is the tens digit of 547?
4
What is the hundreds digit of 5099?
0
What is the hundreds digit of 638?
6
What is the thousands digit of 1620?
1
What is the hundreds digit of 893?
8
What is the units digit of 31498?
8
What is the thousands digit of 2980?
2
What is the tens digit of 36552?
5
What is the units digit of 16326?
6
What is the tens digit of 19?
1
What is the thousands digit of 6045?
6
What is the hundreds digit of 11830?
8
What is the ten thousands digit of 13876?
1
What is the hundreds digit of 6490?
4
What is the tens digit of 6058?
5
What is the hundreds digit of 1002?
0
What is the tens digit of 3524?
2
What is the units digit of 235?
5
What is the hundreds digit of 4051?
0
What is the hundreds digit of 115829?
8
What is the units digit of 406?
6
What is the tens digit of 11178?
7
What is the hundreds digit of 2557?
5
What is the tens digit of 2003?
0
What is the units digit of 17754?
4
What is the tens digit of 22556?
5
What is the hundreds digit of 1224?
2
What is the ten thousands digit of 29786?
2
What is the tens digit of 115064?
6
What is the thousands digit of 7416?
7
What is the thousands digit of 15764?
5
What is the tens digit of 77?
7
What is the thousands digit of 84048?
4
What is the units digit of 1003?
3
What is the thousands digit of 59739?
9
What is the units digit of 21719?
9
What is the thousands digit of 177602?
7
What is the tens digit of 24329?
2
What is the units digit of 6163?
3
What is the ten